sor of q and b?
31
Let y(w) = -16*w - 17. Let f(o) = -62*o - 67. Let x(b) = -2*f(b) + 9*y(b). Let i be x(-7). Calculate the greatest common factor of 11 and i.
11
Suppose 2*a + 28 = -4*f, -3*a + 241 - 211 = -3*f. What is the greatest common divisor of a and 3322?
2
Suppose -3*s = z - 7*s - 18, 2*z + 5*s = 36. What is the greatest common divisor of 564 and z?
6
Suppose 0 = -1550*n + 1532*n + 1872. Let f = 11 + -15. Let q = 4 - f. Calculate the highest common factor of q and n.
8
Let z = -37 + 57. Suppose 16*k + 943 - 1507 = -31*k. Calculate the highest common factor of k and z.
4
Let z(i) = 13*i**2 - 110*i - 9. Let q be z(9). Suppose 6*k = 990 - q. Calculate the highest common divisor of k and 6.
6
Let j(z) = 80 - z**2 + 77 - 122 + 12*z. Let u be j(-2). Calculate the greatest common divisor of 7 and u.
7
Suppose 175*h - 768*h = -9339750. Calculate the greatest common factor of h and 42.
42
Suppose 51*z - 52*z - 1743225 = -166*z. What is the highest common factor of z and 5?
5
Let r(o) = 4*o**3 - 6*o**2 + 13*o - 12. Let u be r(7). Calculate the highest common divisor of u and 104.
13
Suppose -17602 = 15*j - 17722. Calculate the greatest common factor of 2372 and j.
4
Let f(d) = -42*d**2 + 100*d - 2. Let m be f(2). Let b be (-1*10)/((-2)/22). What is the greatest common factor of m and b?
10
Let x(g) = -2*g - 17. Let l be x(8). Let y = 39 + l. Suppose c = y + 6. What is the greatest common factor of c and 24?
12
Suppose 54*y - 521 - 414 = -31*y. Let h = 9 - 6. What is the highest common divisor of h and y?
1
Let t = -1574 + 1937. What is the highest common factor of t and 3?
3
Let c be (-6 + -53)*(-57 + 14). Calculate the highest common divisor of 43 and c.
43
Let j(t) = t**2 + 48*t + 546. Let u be j(-16). What is the highest common divisor of u and 12002?
34
Let z be (-1 + (-97)/2)*(-112)/(-168). Let j be (56/(-6))/(44/z). Calculate the highest common divisor of j and 119.
7
Let k be 762/(-12)*((-8 - -3) + 3). Let s = k - 73. Calculate the highest common factor of 135 and s.
27
Suppose 5*l = 168 + 152. Suppose -16*g + 56 = -2*g. Let v be 4794/30 - g/(-20). What is the highest common divisor of l and v?
32
Let s be 32/48*1*-45. Suppose 0 = 2*q + 2*y - 3*y - 86, 3*y - 78 = -2*q. Let l = s + q. Calculate the highest common divisor of l and 48.
12
Let h be (-165)/6*(-24)/20. Suppose -26 = -31*y + h*y. Let u be -5 - -1 - (y - 12). What is the highest common divisor of u and 3?
3
Suppose 3*t + 3 + 15 = 0. Let m(l) = l**3 + 6*l**2 - 2*l - 6. Let x be m(t). What is the greatest common factor of 3 and x?
3
Suppose -2*z - 4*z = -6. Let s be (-8)/8 - (90/z)/3. Let f = 14 - s. Calculate the greatest common factor of 9 and f.
9
Suppose -4*h + 6*r - 10*r + 64 = 0, 5*r + 16 = 3*h. Let q be (4 - h/(-18))/((-2)/(-57)). What is the greatest common factor of q and 7?
7
Let b = 69 + -39. Let z(d) = -2*d**2 - 3*d + 4. Let c be z(0). Suppose c*a = -25*a + 3480. What is the highest common divisor of a and b?
30
Let l = -8255 - -8256. Suppose 3*v = 7*v - 56. Calculate the highest common divisor of v and l.
1
Let r = 106 + -104. Suppose -4*w - 4 = 0, -2*p + 3*p = r*w - 345. Let s = -122 - p. What is the greatest common divisor of s and 25?
25
Suppose -5*b + 295 = -5*m, -11*b + 7*b + 5*m + 238 = 0. Calculate the highest common factor of 1273 and b.
19
Suppose -597 - 673 = -3*h + 548. What is the greatest common factor of 204 and h?
6
Suppose 4*q + 8 = k - 4*k, 2 = -q. Suppose k = c - 21 - 15. Suppose 3*v - o + 2*o - 103 = 0, -v - 2*o = -c. Calculate the highest common divisor of 17 and v.
17
Suppose 3*r - 42 = 3*l, -5*r + 1 = -4*l - 54. Let m be (-1560)/(-50) + (-12)/l. What is the highest common divisor of m and 2?
2
Let t = -802 - -922. Let i = t - 36. What is the highest common divisor of 21 and i?
21
Suppose 0 = 2*y + 3*m - 1, 8*m = -y + 12*m + 17. Suppose 18 = -y*u - 2, -2*a + 2*u = -128. Calculate the greatest common divisor of a and 18.
6
Suppose t - 1007 = -5*d + d, 3*d - 760 = 4*t. Let i = -1486 + 700. Let s = 814 + i. Calculate the highest common factor of d and s.
28
Let v = -1 - -5. Suppose 514*q = 510*q + 612. Let y = 221 - q. What is the greatest common factor of v and y?
4
Let z = -17821 - -17833. What is the highest common factor of 10572 and z?
12
Let i = -130 - -19. Let s = -102 - i. Suppose 46 + 134 = 5*d. What is the greatest common divisor of d and s?
9
Let d = 277 - 309. Let p = d - -193. Calculate the greatest common divisor of 46 and p.
23
Let g be 486 + 9/27*33. Calculate the highest common factor of 56 and g.
7
Let h be (-1)/(3 + 1878/(-624)). Let t = h - 83. What is the highest common divisor of 49 and t?
7
Suppose -u + 216 = 11*u. Suppose u*y = -19*y + 4403. What is the highest common factor of 35 and y?
7
Let j be (65/8)/((-222)/(-51504)). What is the highest common divisor of 65 and j?
65
Let t be 7/1 - 74/37. Suppose -412 = t*v - 1372. Calculate the highest common divisor of v and 6.
6
Let a = 111 - -52. Let o = a - -369. Suppose -5*t + o = -403. What is the greatest common divisor of 17 and t?
17
Let b(u) = -107*u + 32. Let i(d) = 53*d - 15. Let j(c) = -6*b(c) - 13*i(c). Let f be j(-3). Calculate the highest common factor of f and 9.
9
Let t = 70 - 58. Let g be 15/(-9) - 4/t - -8. Let x(d) = 8*d - 23. Let v be x(g). Calculate the highest common factor of 5 and v.
5
Suppose 5*u - 18 = -r, 8*r - 12*r + 36 = 11*u. What is the highest common factor of u and 101?
1
Let t(c) = 3*c**2 - 1. Let y be t(-1). Let h be (y + -4)/8 - 1732/(-16). Suppose -h = p - 2*p. What is the greatest common factor of p and 12?
12
Let s be (6/(-4))/3 - 26/(-4). Let y be 5/(-2 - -7) + s. Suppose 0 = -5*u + y*u - 90. Calculate the highest common factor of u and 5.
5
Let u(b) = -2*b**3 - 176*b**2 - 172*b + 184. Let j be u(-87). What is the highest common divisor of j and 832?
2
Suppose -1073*r - 2632 = -1120*r. Calculate the greatest common factor of r and 700.
28
Suppose -11277 = 10*x - 80707. What is the greatest common divisor of x and 131?
131
Suppose -467*l = -464*l - 2*z - 182, -4*l + z + 246 = 0. What is the highest common divisor of l and 2077?
31
Let t be ((-2263)/124)/((-2)/96). What is the highest common factor of 12 and t?
12
Suppose 0 = -9*u + u + 3712. Suppose -5*f = -4*k - 874, 2*k - 436 - 84 = -3*f. What is the greatest common factor of u and f?
58
Let d be (-6 - 0)*(-3 - -4). Let o(x) be the first derivative of -x**3/3 - 7*x**2/2 + 4*x + 77. Let u be o(d). What is the highest common divisor of u and 40?
10
Suppose 2*j - 273 = 51. Suppose 3*u + 2*i - 387 = 0, -5*u - 7*i + 6*i = -645. Suppose 4*g + u = 201. Calculate the highest common divisor of j and g.
18
Let g(o) = 2*o**2 + 79*o - 36. Let s be g(-54). Calculate the greatest common factor of 90 and s.
90
Suppose z = -3*z - 8, 0 = -4*t + 4*z + 8. Suppose 2*k + 5*l = -31 + 108, 3*l - 9 = t. Calculate the greatest common divisor of k and 465.
31
Suppose -163 = -18*f + 17*f. Let c = f + -43. Suppose l + c = 5*n, 5*l = -n - 3*n + 96. Calculate the highest common factor of n and 6.
6
Let f(l) = -10*l**2 + 190*l - 164. Let p be f(18). Let b(z) = -z**3 + z**2 - z + 168. Let q be b(0). What is the highest common divisor of p and q?
8
Suppose 4*p = -4*i + 5*p + 1747, -1745 = -4*i + 3*p. Suppose 167 = -2*c + i. What is the highest common divisor of 45 and c?
45
Let f(b) = -b**3 + 6*b**2 + 9*b - 2. Let q be 7/1 + (-2 - -2). Let j be f(q). Let g = -520970 - -520982. What is the highest common factor of j and g?
12
Let j(u) = 2*u - 31. Suppose 4*d - 103 = -5*p, -d - p + 10 = -5*p. Let w be j(d). Calculate the highest common factor of w and 104.
13
Suppose 34 = t - 6. Let n = -40 + t. Suppose 4*q - 151 + 7 = n. Calculate the highest common factor of q and 9.
9
Let f be ((-55)/(-10) + -4)*-8. Let l be -3*(-1)/(-4) - 1209/f. Suppose 5*n - 161 = -36. Calculate the greatest common factor of n and l.
25
Suppose -2*w = -6*w + 8. Suppose -t + w*t - 49 = 0. Suppose 14*y - 9*y = 35. Calculate the highest common divisor of y and t.
7
Suppose 4*v + v - 180 = 0. Suppose b + 252 = -4*n, -5*n + 3*n - 148 = -5*b. Let w = -52 - n. What is the greatest common factor of v and w?
12
Suppose 5*v - 1103 = 4*b, 48*b + 1093 = 5*v + 49*b. What is the greatest common divisor of 6 and v?
3
Let v = 34982 + -21072. Calculate the greatest c